{"id":30,"date":"2025-02-25T12:56:23","date_gmt":"2025-02-25T11:56:23","guid":{"rendered":"https:\/\/douglasmarcolinotrio.com\/?page_id=30"},"modified":"2026-03-27T09:46:20","modified_gmt":"2026-03-27T08:46:20","slug":"30-2","status":"publish","type":"page","link":"https:\/\/douglasmarcolinotrio.com\/","title":{"rendered":"Acceuil"},"content":{"rendered":"\n<div class=\"wp-block-group alignfull is-content-justification-space-between is-layout-flex wp-container-core-group-is-layout-0904c582 wp-block-group-is-layout-flex\" style=\"margin-top:0;margin-bottom:0;padding-top:var(--wp--preset--spacing--50);padding-right:var(--wp--preset--spacing--30);padding-bottom:var(--wp--preset--spacing--50);padding-left:var(--wp--preset--spacing--30)\">\n<div class=\"wp-block-group is-content-justification-right is-layout-flex wp-container-core-group-is-layout-58daa69f wp-block-group-is-layout-flex\">\n<ul class=\"wp-block-social-links is-layout-flex wp-block-social-links-is-layout-flex\"><li class=\"wp-social-link wp-social-link-mail  wp-block-social-link\"><a href=\"mailto:&#100;ougla&#115;&#109;&#097;&#114;&#099;&#111;&#108;&#105;&#110;o&#116;&#114;&#105;o&#064;&#103;m&#097;i&#108;.c&#111;&#109;\" class=\"wp-block-social-link-anchor\"><svg width=\"24\" height=\"24\" viewBox=\"0 0 24 24\" version=\"1.1\" xmlns=\"http:\/\/www.w3.org\/2000\/svg\" aria-hidden=\"true\" focusable=\"false\"><path d=\"M19,5H5c-1.1,0-2,.9-2,2v10c0,1.1.9,2,2,2h14c1.1,0,2-.9,2-2V7c0-1.1-.9-2-2-2zm.5,12c0,.3-.2.5-.5.5H5c-.3,0-.5-.2-.5-.5V9.8l7.5,5.6,7.5-5.6V17zm0-9.1L12,13.6,4.5,7.9V7c0-.3.2-.5.5-.5h14c.3,0,.5.2.5.5v.9z\"><\/path><\/svg><span class=\"wp-block-social-link-label screen-reader-text\">E-mail<\/span><\/a><\/li>\n\n<li class=\"wp-social-link wp-social-link-instagram  wp-block-social-link\"><a href=\"https:\/\/www.instagram.com\/douglasmarcolinotrio?igsh=Nm5jand6NHU5ajc1\" class=\"wp-block-social-link-anchor\"><svg width=\"24\" height=\"24\" viewBox=\"0 0 24 24\" version=\"1.1\" xmlns=\"http:\/\/www.w3.org\/2000\/svg\" aria-hidden=\"true\" focusable=\"false\"><path d=\"M12,4.622c2.403,0,2.688,0.009,3.637,0.052c0.877,0.04,1.354,0.187,1.671,0.31c0.42,0.163,0.72,0.358,1.035,0.673 c0.315,0.315,0.51,0.615,0.673,1.035c0.123,0.317,0.27,0.794,0.31,1.671c0.043,0.949,0.052,1.234,0.052,3.637 s-0.009,2.688-0.052,3.637c-0.04,0.877-0.187,1.354-0.31,1.671c-0.163,0.42-0.358,0.72-0.673,1.035 c-0.315,0.315-0.615,0.51-1.035,0.673c-0.317,0.123-0.794,0.27-1.671,0.31c-0.949,0.043-1.233,0.052-3.637,0.052 s-2.688-0.009-3.637-0.052c-0.877-0.04-1.354-0.187-1.671-0.31c-0.42-0.163-0.72-0.358-1.035-0.673 c-0.315-0.315-0.51-0.615-0.673-1.035c-0.123-0.317-0.27-0.794-0.31-1.671C4.631,14.688,4.622,14.403,4.622,12 s0.009-2.688,0.052-3.637c0.04-0.877,0.187-1.354,0.31-1.671c0.163-0.42,0.358-0.72,0.673-1.035 c0.315-0.315,0.615-0.51,1.035-0.673c0.317-0.123,0.794-0.27,1.671-0.31C9.312,4.631,9.597,4.622,12,4.622 M12,3 C9.556,3,9.249,3.01,8.289,3.054C7.331,3.098,6.677,3.25,6.105,3.472C5.513,3.702,5.011,4.01,4.511,4.511 c-0.5,0.5-0.808,1.002-1.038,1.594C3.25,6.677,3.098,7.331,3.054,8.289C3.01,9.249,3,9.556,3,12c0,2.444,0.01,2.751,0.054,3.711 c0.044,0.958,0.196,1.612,0.418,2.185c0.23,0.592,0.538,1.094,1.038,1.594c0.5,0.5,1.002,0.808,1.594,1.038 c0.572,0.222,1.227,0.375,2.185,0.418C9.249,20.99,9.556,21,12,21s2.751-0.01,3.711-0.054c0.958-0.044,1.612-0.196,2.185-0.418 c0.592-0.23,1.094-0.538,1.594-1.038c0.5-0.5,0.808-1.002,1.038-1.594c0.222-0.572,0.375-1.227,0.418-2.185 C20.99,14.751,21,14.444,21,12s-0.01-2.751-0.054-3.711c-0.044-0.958-0.196-1.612-0.418-2.185c-0.23-0.592-0.538-1.094-1.038-1.594 c-0.5-0.5-1.002-0.808-1.594-1.038c-0.572-0.222-1.227-0.375-2.185-0.418C14.751,3.01,14.444,3,12,3L12,3z M12,7.378 c-2.552,0-4.622,2.069-4.622,4.622S9.448,16.622,12,16.622s4.622-2.069,4.622-4.622S14.552,7.378,12,7.378z M12,15 c-1.657,0-3-1.343-3-3s1.343-3,3-3s3,1.343,3,3S13.657,15,12,15z M16.804,6.116c-0.596,0-1.08,0.484-1.08,1.08 s0.484,1.08,1.08,1.08c0.596,0,1.08-0.484,1.08-1.08S17.401,6.116,16.804,6.116z\"><\/path><\/svg><span class=\"wp-block-social-link-label screen-reader-text\">Instagram<\/span><\/a><\/li>\n\n<li class=\"wp-social-link wp-social-link-youtube  wp-block-social-link\"><a href=\"https:\/\/youtube.com\/@douglasmarcolinotrio?si=9WTHVPwWeuksOAxq\" class=\"wp-block-social-link-anchor\"><svg width=\"24\" height=\"24\" viewBox=\"0 0 24 24\" version=\"1.1\" xmlns=\"http:\/\/www.w3.org\/2000\/svg\" aria-hidden=\"true\" focusable=\"false\"><path d=\"M21.8,8.001c0,0-0.195-1.378-0.795-1.985c-0.76-0.797-1.613-0.801-2.004-0.847c-2.799-0.202-6.997-0.202-6.997-0.202 h-0.009c0,0-4.198,0-6.997,0.202C4.608,5.216,3.756,5.22,2.995,6.016C2.395,6.623,2.2,8.001,2.2,8.001S2,9.62,2,11.238v1.517 c0,1.618,0.2,3.237,0.2,3.237s0.195,1.378,0.795,1.985c0.761,0.797,1.76,0.771,2.205,0.855c1.6,0.153,6.8,0.201,6.8,0.201 s4.203-0.006,7.001-0.209c0.391-0.047,1.243-0.051,2.004-0.847c0.6-0.607,0.795-1.985,0.795-1.985s0.2-1.618,0.2-3.237v-1.517 C22,9.62,21.8,8.001,21.8,8.001z M9.935,14.594l-0.001-5.62l5.404,2.82L9.935,14.594z\"><\/path><\/svg><span class=\"wp-block-social-link-label screen-reader-text\">YouTube<\/span><\/a><\/li><\/ul>\n\n\n\n<div class=\"wp-block-buttons is-layout-flex wp-block-buttons-is-layout-flex\"><\/div>\n<\/div>\n<\/div>\n\n\n\n<div class=\"wp-block-group\"><div class=\"wp-block-group__inner-container is-layout-constrained wp-block-group-is-layout-constrained\">\n<h2 class=\"wp-block-heading\"><mark style=\"background-color:rgba(0, 0, 0, 0)\" class=\"has-inline-color has-black-color\"><strong><em>Vinyle, CD, Album HQ num\u00e9rique (96Khz,32 bits) disponible ici&nbsp;:<\/em>&nbsp;<\/strong> &nbsp; &nbsp;<\/mark><\/h2>\n\n\n\n<a href=\"https:\/\/douglasmarcolinotrio.com\/?page_id=472\" style=\"display:inline-block;padding:12px 24px;background:#222; color:#fff;text-decoration:none;border-radius:4px;font-weight:bold;\">Boutique<\/a>\n\n\n\n<p><mark style=\"background-color:rgba(0, 0, 0, 0)\" class=\"has-inline-color has-black-color\"> &nbsp; &nbsp; &nbsp; &nbsp; &nbsp; &nbsp; &nbsp; &nbsp; &nbsp; &nbsp; &nbsp; &nbsp; &nbsp; &nbsp; &nbsp; &nbsp; &nbsp; &nbsp;<\/mark> &nbsp; &nbsp; &nbsp; &nbsp; &nbsp; &nbsp; &nbsp;&nbsp; &nbsp; &nbsp; &nbsp; &nbsp; &nbsp; &nbsp; &nbsp; &nbsp; &nbsp; &nbsp; &nbsp; &nbsp; &nbsp; &nbsp; &nbsp; &nbsp; &nbsp; &nbsp; &nbsp; &nbsp; &nbsp; &nbsp; &nbsp;<\/p>\n<\/div><\/div>\n\n\n<div class=\"wp-block-image\">\n<figure class=\"alignleft size-large is-resized\"><a href=\"https:\/\/douglasmarcolinotrio.com\/?page_id=351\"><img loading=\"lazy\" decoding=\"async\" width=\"1024\" height=\"1024\" src=\"https:\/\/douglasmarcolinotrio.com\/wp-content\/uploads\/2026\/02\/Pochette-vinyl_05-1024x1024.jpeg\" alt=\"\" class=\"wp-image-130\" style=\"width:188px;height:auto\" srcset=\"https:\/\/douglasmarcolinotrio.com\/wp-content\/uploads\/2026\/02\/Pochette-vinyl_05-1024x1024.jpeg 1024w, https:\/\/douglasmarcolinotrio.com\/wp-content\/uploads\/2026\/02\/Pochette-vinyl_05-250x250.jpeg 250w, https:\/\/douglasmarcolinotrio.com\/wp-content\/uploads\/2026\/02\/Pochette-vinyl_05-100x100.jpeg 100w, https:\/\/douglasmarcolinotrio.com\/wp-content\/uploads\/2026\/02\/Pochette-vinyl_05-350x350.jpeg 350w, https:\/\/douglasmarcolinotrio.com\/wp-content\/uploads\/2026\/02\/Pochette-vinyl_05-300x300.jpeg 300w, https:\/\/douglasmarcolinotrio.com\/wp-content\/uploads\/2026\/02\/Pochette-vinyl_05-150x150.jpeg 150w, https:\/\/douglasmarcolinotrio.com\/wp-content\/uploads\/2026\/02\/Pochette-vinyl_05-768x768.jpeg 768w, https:\/\/douglasmarcolinotrio.com\/wp-content\/uploads\/2026\/02\/Pochette-vinyl_05-1536x1536.jpeg 1536w, https:\/\/douglasmarcolinotrio.com\/wp-content\/uploads\/2026\/02\/Pochette-vinyl_05.jpeg 1899w\" sizes=\"auto, (max-width: 767px) 89vw, (max-width: 1000px) 54vw, (max-width: 1071px) 543px, 580px\" \/><\/a><\/figure>\n<\/div>\n\n\n<h1 class=\"wp-block-heading has-text-align-center\"><strong>Le Trio<\/strong><\/h1>\n\n\n<div class=\"wp-block-image\">\n<figure class=\"aligncenter size-full is-resized\"><img loading=\"lazy\" decoding=\"async\" width=\"1024\" height=\"681\" src=\"https:\/\/douglasmarcolinotrio.com\/wp-content\/uploads\/2026\/03\/IMG_3592-2.jpeg\" alt=\"\" class=\"wp-image-683\" style=\"aspect-ratio:1.4970569455082798;width:341px;height:auto\" srcset=\"https:\/\/douglasmarcolinotrio.com\/wp-content\/uploads\/2026\/03\/IMG_3592-2.jpeg 1024w, https:\/\/douglasmarcolinotrio.com\/wp-content\/uploads\/2026\/03\/IMG_3592-2-300x200.jpeg 300w, https:\/\/douglasmarcolinotrio.com\/wp-content\/uploads\/2026\/03\/IMG_3592-2-768x511.jpeg 768w\" sizes=\"auto, (max-width: 767px) 89vw, (max-width: 1000px) 54vw, (max-width: 1071px) 543px, 580px\" \/><\/figure>\n<\/div>\n\n\n<p class=\"has-text-align-left\">Douglas Marcolino, accord\u00e9oniste virtuose, fa\u00e7onne un forr\u00f3 moderne et audacieux, port\u00e9 par l\u2019\u00e9nergie et la finesse rythmique de Christophe Bras et Eugenio Silva. Ensemble, ils composent une musique sans fronti\u00e8res, o\u00f9 les racines br\u00e9siliennes s\u2019enrichissent de l\u2019improvisation et de la libert\u00e9 du jazz. Chaque note, chaque pulsation, transporte l\u2019auditeur dans un voyage vibrant, entre traditions revisit\u00e9es et \u00e9lans contemporains.<\/p>\n\n\n\n<h2 class=\"wp-block-heading\">Douglas Marcolino<\/h2>\n\n\n\n<figure class=\"wp-block-image size-large is-resized\"><img loading=\"lazy\" decoding=\"async\" width=\"906\" height=\"1024\" src=\"https:\/\/douglasmarcolinotrio.com\/wp-content\/uploads\/2026\/03\/IMG_3620-906x1024.jpeg\" alt=\"\" class=\"wp-image-583\" style=\"aspect-ratio:0.8847660190346043;width:306px;height:auto\" srcset=\"https:\/\/douglasmarcolinotrio.com\/wp-content\/uploads\/2026\/03\/IMG_3620-906x1024.jpeg 906w, https:\/\/douglasmarcolinotrio.com\/wp-content\/uploads\/2026\/03\/IMG_3620-265x300.jpeg 265w, https:\/\/douglasmarcolinotrio.com\/wp-content\/uploads\/2026\/03\/IMG_3620-768x868.jpeg 768w, https:\/\/douglasmarcolinotrio.com\/wp-content\/uploads\/2026\/03\/IMG_3620-1359x1536.jpeg 1359w, https:\/\/douglasmarcolinotrio.com\/wp-content\/uploads\/2026\/03\/IMG_3620-1812x2048.jpeg 1812w\" sizes=\"auto, (max-width: 767px) 89vw, (max-width: 1000px) 54vw, (max-width: 1071px) 543px, 580px\" \/><\/figure>\n\n\n\n<p>Douglas Marcolino porte en lui l\u2019\u00e2me du Nordeste br\u00e9silien. Initi\u00e9 \u00e0 l\u2019accord\u00e9on d\u00e8s son plus jeune \u00e2ge par son p\u00e8re, Tiao Marcolino, il enregistre son premier album \u00e0 huit ans et forge son art au contact des plus grands :                  Dominguinhos, Hermeto Pascoal, Gennaro do Acordeon.                                                 Son parcours le m\u00e8ne aux quatre coins du Br\u00e9sil, puis bien au-del\u00e0.                            En 2010, une tourn\u00e9e internationale l\u2019am\u00e8ne \u00e0 Paris, une ville qui l\u2019envo\u00fbte            et o\u00f9 il choisit de poser ses valises en 2011. Aujourd\u2019hui, il sillonne les sc\u00e8nes du monde entier, portant haut les couleurs du forr\u00f3 et explorant de nouvelles sonorit\u00e9s, toujours guid\u00e9 par sa passion et sa virtuosit\u00e9.<\/p>\n\n\n\n<h2 class=\"wp-block-heading\">Christophe Bras<\/h2>\n\n\n\n<figure class=\"wp-block-image size-large is-resized\"><img loading=\"lazy\" decoding=\"async\" width=\"687\" height=\"1024\" src=\"https:\/\/douglasmarcolinotrio.com\/wp-content\/uploads\/2025\/02\/Douglas-Marcolino-Trio-HQ-67-copie-687x1024.jpg\" alt=\"\" class=\"wp-image-14\" style=\"aspect-ratio:0.6709026850467377;width:292px;height:auto\" srcset=\"https:\/\/douglasmarcolinotrio.com\/wp-content\/uploads\/2025\/02\/Douglas-Marcolino-Trio-HQ-67-copie-687x1024.jpg 687w, https:\/\/douglasmarcolinotrio.com\/wp-content\/uploads\/2025\/02\/Douglas-Marcolino-Trio-HQ-67-copie-scaled-350x522.jpg 350w, https:\/\/douglasmarcolinotrio.com\/wp-content\/uploads\/2025\/02\/Douglas-Marcolino-Trio-HQ-67-copie-201x300.jpg 201w, https:\/\/douglasmarcolinotrio.com\/wp-content\/uploads\/2025\/02\/Douglas-Marcolino-Trio-HQ-67-copie-768x1144.jpg 768w, https:\/\/douglasmarcolinotrio.com\/wp-content\/uploads\/2025\/02\/Douglas-Marcolino-Trio-HQ-67-copie-1031x1536.jpg 1031w, https:\/\/douglasmarcolinotrio.com\/wp-content\/uploads\/2025\/02\/Douglas-Marcolino-Trio-HQ-67-copie-1374x2048.jpg 1374w, https:\/\/douglasmarcolinotrio.com\/wp-content\/uploads\/2025\/02\/Douglas-Marcolino-Trio-HQ-67-copie-scaled.jpg 1718w\" sizes=\"auto, (max-width: 687px) 100vw, 687px\" \/><\/figure>\n\n\n\n<p>Christophe Bras devient musicien professionnel d\u00e8s son plus jeune \u00e2ge. Curieux et passionn\u00e9, il explore diff\u00e9rents styles et multiplie les collaborations sur sc\u00e8ne et en studio. Attir\u00e9 par le jazz et la musique br\u00e9silienne, il joue avec des artistes comme Sergio Mendes, Marcio Faraco, Chico Pinheiro et Filo Machado. Fort de plus de 30 ans d\u2019exp\u00e9rience, il continue de faire vivre cette musique avec \u00e9nergie et authenticit\u00e9.<\/p>\n\n\n\n<h2 class=\"wp-block-heading\">Eugenio Silva<\/h2>\n\n\n\n<figure class=\"wp-block-image size-large is-resized\"><img loading=\"lazy\" decoding=\"async\" width=\"720\" height=\"1024\" src=\"https:\/\/douglasmarcolinotrio.com\/wp-content\/uploads\/2026\/03\/IMG_3409-720x1024.jpeg\" alt=\"\" class=\"wp-image-575\" style=\"aspect-ratio:0.7031209398991902;width:292px;height:auto\" srcset=\"https:\/\/douglasmarcolinotrio.com\/wp-content\/uploads\/2026\/03\/IMG_3409-720x1024.jpeg 720w, https:\/\/douglasmarcolinotrio.com\/wp-content\/uploads\/2026\/03\/IMG_3409-211x300.jpeg 211w, https:\/\/douglasmarcolinotrio.com\/wp-content\/uploads\/2026\/03\/IMG_3409-768x1092.jpeg 768w, https:\/\/douglasmarcolinotrio.com\/wp-content\/uploads\/2026\/03\/IMG_3409-1080x1536.jpeg 1080w, https:\/\/douglasmarcolinotrio.com\/wp-content\/uploads\/2026\/03\/IMG_3409-1441x2048.jpeg 1441w, https:\/\/douglasmarcolinotrio.com\/wp-content\/uploads\/2026\/03\/IMG_3409-scaled.jpeg 1801w\" sizes=\"auto, (max-width: 720px) 100vw, 720px\" \/><\/figure>\n\n\n\n<p>Eugenio Silva N\u00e9 \u00e0 Mad\u00e8re, il d\u00e9bute la contrebasse dans la philharmonique de son village avant de s\u2019installer \u00e0 Paris \u00e0 19 ans. Bassiste de musiques traditionnelles puis form\u00e9 au jazz \u00e0 l\u2019American School of Modern Music, il d\u00e9veloppe une identit\u00e9 artistique riche, nourrie de musiques portugaises, br\u00e9siliennes et internationales.<\/p>\n\n\n\n<p><\/p>\n\n\n\n<p><\/p>\n\n\n\n<p><\/p>\n\n\n\n<p><\/p>\n","protected":false},"excerpt":{"rendered":"<p>Vinyle, CD, Album HQ num\u00e9rique (96Khz,32 bits) disponible ici&nbsp;:&nbsp; &nbsp; &nbsp; Boutique &nbsp; &nbsp; &nbsp; &nbsp; &nbsp; &nbsp; &nbsp; &nbsp; &nbsp; &nbsp; &nbsp; &nbsp; &nbsp; &nbsp; &nbsp; &nbsp; &nbsp; &nbsp; &nbsp; &nbsp; &nbsp; &nbsp; &nbsp; &nbsp; &nbsp;&nbsp; &nbsp; &nbsp; &nbsp; &nbsp; &nbsp; &nbsp; &nbsp; &nbsp; &nbsp; &nbsp; &nbsp; &nbsp; &nbsp; &nbsp; &nbsp; &nbsp; &nbsp; &nbsp; &hellip; <\/p>\n<p class=\"link-more\"><a href=\"https:\/\/douglasmarcolinotrio.com\/\" class=\"more-link\">Continuer la lecture<span class=\"screen-reader-text\"> de &laquo;&nbsp;Acceuil&nbsp;&raquo;<\/span><\/a><\/p>\n","protected":false},"author":1,"featured_media":0,"parent":0,"menu_order":0,"comment_status":"closed","ping_status":"closed","template":"","meta":{"footnotes":""},"class_list":["post-30","page","type-page","status-publish","hentry"],"yoast_head":"<!-- This site is optimized with the Yoast SEO plugin v27.4 - https:\/\/yoast.com\/product\/yoast-seo-wordpress\/ -->\n<title>Acceuil - DOUGLAS MARCOLINO Trio<\/title>\n<meta name=\"robots\" content=\"index, follow, max-snippet:-1, max-image-preview:large, max-video-preview:-1\" \/>\n<link rel=\"canonical\" href=\"https:\/\/douglasmarcolinotrio.com\/\" \/>\n<meta property=\"og:locale\" content=\"fr_FR\" \/>\n<meta property=\"og:type\" content=\"article\" \/>\n<meta property=\"og:title\" content=\"Douglas Marcolino Trio - Forr\u00f3 Jazz\" \/>\n<meta property=\"og:description\" content=\"Vinyle, CD, Album HQ num\u00e9rique (96Khz,32 bits) disponible ici&nbsp;:&nbsp; &nbsp; &nbsp; Boutique &nbsp; &nbsp; &nbsp; &nbsp; &nbsp; &nbsp; &nbsp; &nbsp; &nbsp; &nbsp; &nbsp; &nbsp; &nbsp; &nbsp; &nbsp; &nbsp; &nbsp; &nbsp; &nbsp; &nbsp; &nbsp; &nbsp; &nbsp; &nbsp; &nbsp;&nbsp; &nbsp; &nbsp; &nbsp; &nbsp; &nbsp; &nbsp; &nbsp; &nbsp; &nbsp; &nbsp; &nbsp; &nbsp; &nbsp; &nbsp; &nbsp; &nbsp; &nbsp; &nbsp; &hellip; Continuer la lecture de &laquo;&nbsp;Acceuil&nbsp;&raquo;\" \/>\n<meta property=\"og:url\" content=\"https:\/\/douglasmarcolinotrio.com\/\" \/>\n<meta property=\"og:site_name\" content=\"DOUGLAS MARCOLINO Trio\" \/>\n<meta property=\"article:modified_time\" content=\"2026-03-27T08:46:20+00:00\" \/>\n<meta name=\"twitter:card\" content=\"summary_large_image\" \/>\n<meta name=\"twitter:image\" content=\"https:\/\/douglasmarcolinotrio.com\/wp-content\/uploads\/2026\/02\/Pochette-vinyl_05.jpeg\" \/>\n<meta name=\"twitter:label1\" content=\"Dur\u00e9e de lecture estim\u00e9e\" \/>\n\t<meta name=\"twitter:data1\" content=\"3 minutes\" \/>\n<script type=\"application\/ld+json\" class=\"yoast-schema-graph\">{\"@context\":\"https:\\\/\\\/schema.org\",\"@graph\":[{\"@type\":\"WebPage\",\"@id\":\"https:\\\/\\\/douglasmarcolinotrio.com\\\/\",\"url\":\"https:\\\/\\\/douglasmarcolinotrio.com\\\/\",\"name\":\"Acceuil - DOUGLAS MARCOLINO Trio\",\"isPartOf\":{\"@id\":\"https:\\\/\\\/douglasmarcolinotrio.com\\\/#website\"},\"primaryImageOfPage\":{\"@id\":\"https:\\\/\\\/douglasmarcolinotrio.com\\\/#primaryimage\"},\"image\":{\"@id\":\"https:\\\/\\\/douglasmarcolinotrio.com\\\/#primaryimage\"},\"thumbnailUrl\":\"https:\\\/\\\/douglasmarcolinotrio.com\\\/wp-content\\\/uploads\\\/2026\\\/02\\\/Pochette-vinyl_05-1024x1024.jpeg\",\"datePublished\":\"2025-02-25T11:56:23+00:00\",\"dateModified\":\"2026-03-27T08:46:20+00:00\",\"breadcrumb\":{\"@id\":\"https:\\\/\\\/douglasmarcolinotrio.com\\\/#breadcrumb\"},\"inLanguage\":\"fr-FR\",\"potentialAction\":[{\"@type\":\"ReadAction\",\"target\":[\"https:\\\/\\\/douglasmarcolinotrio.com\\\/\"]}]},{\"@type\":\"ImageObject\",\"inLanguage\":\"fr-FR\",\"@id\":\"https:\\\/\\\/douglasmarcolinotrio.com\\\/#primaryimage\",\"url\":\"https:\\\/\\\/douglasmarcolinotrio.com\\\/wp-content\\\/uploads\\\/2026\\\/02\\\/Pochette-vinyl_05.jpeg\",\"contentUrl\":\"https:\\\/\\\/douglasmarcolinotrio.com\\\/wp-content\\\/uploads\\\/2026\\\/02\\\/Pochette-vinyl_05.jpeg\",\"width\":1899,\"height\":1900},{\"@type\":\"BreadcrumbList\",\"@id\":\"https:\\\/\\\/douglasmarcolinotrio.com\\\/#breadcrumb\",\"itemListElement\":[{\"@type\":\"ListItem\",\"position\":1,\"name\":\"Accueil\",\"item\":\"https:\\\/\\\/douglasmarcolinotrio.com\\\/\"},{\"@type\":\"ListItem\",\"position\":2,\"name\":\"Acceuil\"}]},{\"@type\":\"WebSite\",\"@id\":\"https:\\\/\\\/douglasmarcolinotrio.com\\\/#website\",\"url\":\"https:\\\/\\\/douglasmarcolinotrio.com\\\/\",\"name\":\"DOUGLAS MARCOLINO Trio\",\"description\":\"FORR\u00d3 JAZZ\",\"potentialAction\":[{\"@type\":\"SearchAction\",\"target\":{\"@type\":\"EntryPoint\",\"urlTemplate\":\"https:\\\/\\\/douglasmarcolinotrio.com\\\/?s={search_term_string}\"},\"query-input\":{\"@type\":\"PropertyValueSpecification\",\"valueRequired\":true,\"valueName\":\"search_term_string\"}}],\"inLanguage\":\"fr-FR\"}]}<\/script>\n<!-- \/ Yoast SEO plugin. -->","yoast_head_json":{"title":"Acceuil - DOUGLAS MARCOLINO Trio","robots":{"index":"index","follow":"follow","max-snippet":"max-snippet:-1","max-image-preview":"max-image-preview:large","max-video-preview":"max-video-preview:-1"},"canonical":"https:\/\/douglasmarcolinotrio.com\/","og_locale":"fr_FR","og_type":"article","og_title":"Douglas Marcolino Trio - Forr\u00f3 Jazz","og_description":"Vinyle, CD, Album HQ num\u00e9rique (96Khz,32 bits) disponible ici&nbsp;:&nbsp; &nbsp; &nbsp; Boutique &nbsp; &nbsp; &nbsp; &nbsp; &nbsp; &nbsp; &nbsp; &nbsp; &nbsp; &nbsp; &nbsp; &nbsp; &nbsp; &nbsp; &nbsp; &nbsp; &nbsp; &nbsp; &nbsp; &nbsp; &nbsp; &nbsp; &nbsp; &nbsp; &nbsp;&nbsp; &nbsp; &nbsp; &nbsp; &nbsp; &nbsp; &nbsp; &nbsp; &nbsp; &nbsp; &nbsp; &nbsp; &nbsp; &nbsp; &nbsp; &nbsp; &nbsp; &nbsp; &nbsp; &hellip; Continuer la lecture de &laquo;&nbsp;Acceuil&nbsp;&raquo;","og_url":"https:\/\/douglasmarcolinotrio.com\/","og_site_name":"DOUGLAS MARCOLINO Trio","article_modified_time":"2026-03-27T08:46:20+00:00","twitter_card":"summary_large_image","twitter_image":"https:\/\/douglasmarcolinotrio.com\/wp-content\/uploads\/2026\/02\/Pochette-vinyl_05.jpeg","twitter_misc":{"Dur\u00e9e de lecture estim\u00e9e":"3 minutes"},"schema":{"@context":"https:\/\/schema.org","@graph":[{"@type":"WebPage","@id":"https:\/\/douglasmarcolinotrio.com\/","url":"https:\/\/douglasmarcolinotrio.com\/","name":"Acceuil - DOUGLAS MARCOLINO Trio","isPartOf":{"@id":"https:\/\/douglasmarcolinotrio.com\/#website"},"primaryImageOfPage":{"@id":"https:\/\/douglasmarcolinotrio.com\/#primaryimage"},"image":{"@id":"https:\/\/douglasmarcolinotrio.com\/#primaryimage"},"thumbnailUrl":"https:\/\/douglasmarcolinotrio.com\/wp-content\/uploads\/2026\/02\/Pochette-vinyl_05-1024x1024.jpeg","datePublished":"2025-02-25T11:56:23+00:00","dateModified":"2026-03-27T08:46:20+00:00","breadcrumb":{"@id":"https:\/\/douglasmarcolinotrio.com\/#breadcrumb"},"inLanguage":"fr-FR","potentialAction":[{"@type":"ReadAction","target":["https:\/\/douglasmarcolinotrio.com\/"]}]},{"@type":"ImageObject","inLanguage":"fr-FR","@id":"https:\/\/douglasmarcolinotrio.com\/#primaryimage","url":"https:\/\/douglasmarcolinotrio.com\/wp-content\/uploads\/2026\/02\/Pochette-vinyl_05.jpeg","contentUrl":"https:\/\/douglasmarcolinotrio.com\/wp-content\/uploads\/2026\/02\/Pochette-vinyl_05.jpeg","width":1899,"height":1900},{"@type":"BreadcrumbList","@id":"https:\/\/douglasmarcolinotrio.com\/#breadcrumb","itemListElement":[{"@type":"ListItem","position":1,"name":"Accueil","item":"https:\/\/douglasmarcolinotrio.com\/"},{"@type":"ListItem","position":2,"name":"Acceuil"}]},{"@type":"WebSite","@id":"https:\/\/douglasmarcolinotrio.com\/#website","url":"https:\/\/douglasmarcolinotrio.com\/","name":"DOUGLAS MARCOLINO Trio","description":"FORR\u00d3 JAZZ","potentialAction":[{"@type":"SearchAction","target":{"@type":"EntryPoint","urlTemplate":"https:\/\/douglasmarcolinotrio.com\/?s={search_term_string}"},"query-input":{"@type":"PropertyValueSpecification","valueRequired":true,"valueName":"search_term_string"}}],"inLanguage":"fr-FR"}]}},"_links":{"self":[{"href":"https:\/\/douglasmarcolinotrio.com\/index.php?rest_route=\/wp\/v2\/pages\/30","targetHints":{"allow":["GET"]}}],"collection":[{"href":"https:\/\/douglasmarcolinotrio.com\/index.php?rest_route=\/wp\/v2\/pages"}],"about":[{"href":"https:\/\/douglasmarcolinotrio.com\/index.php?rest_route=\/wp\/v2\/types\/page"}],"author":[{"embeddable":true,"href":"https:\/\/douglasmarcolinotrio.com\/index.php?rest_route=\/wp\/v2\/users\/1"}],"replies":[{"embeddable":true,"href":"https:\/\/douglasmarcolinotrio.com\/index.php?rest_route=%2Fwp%2Fv2%2Fcomments&post=30"}],"version-history":[{"count":70,"href":"https:\/\/douglasmarcolinotrio.com\/index.php?rest_route=\/wp\/v2\/pages\/30\/revisions"}],"predecessor-version":[{"id":685,"href":"https:\/\/douglasmarcolinotrio.com\/index.php?rest_route=\/wp\/v2\/pages\/30\/revisions\/685"}],"wp:attachment":[{"href":"https:\/\/douglasmarcolinotrio.com\/index.php?rest_route=%2Fwp%2Fv2%2Fmedia&parent=30"}],"curies":[{"name":"wp","href":"https:\/\/api.w.org\/{rel}","templated":true}]}}